{"id":6,"date":"2025-02-22T19:16:22","date_gmt":"2025-02-22T19:16:22","guid":{"rendered":"https:\/\/nevolea.lugus.tr\/?page_id=6"},"modified":"2025-02-26T08:59:45","modified_gmt":"2025-02-26T08:59:45","slug":"6-2","status":"publish","type":"page","link":"https:\/\/nevolea.lugus.tr\/","title":{"rendered":"Ana Sayfa"},"content":{"rendered":"\n<div class=\"wp-block-cover alignfull is-light has-custom-content-position is-position-bottom-center tw-sm-hidden tw-md-hidden\" style=\"margin-top:0;margin-bottom:0;padding-top:var(--wp--preset--spacing--50);padding-right:var(--wp--preset--spacing--50);padding-bottom:var(--wp--preset--spacing--50);padding-left:var(--wp--preset--spacing--50);min-height:840px;aspect-ratio:unset;\"><span aria-hidden=\"true\" class=\"wp-block-cover__background has-background-dim-0 has-background-dim\"><\/span><img loading=\"lazy\" decoding=\"async\" width=\"1920\" height=\"725\" sizes=\"auto, (max-width: 799px) 200vw,(max-width: 1920px) 100vw,1920px\" class=\"wp-block-cover__image-background wp-image-10\" alt=\"\" src=\"https:\/\/nevolea.lugus.tr\/wp-content\/uploads\/2025\/02\/novolea-slide.png\" data-object-fit=\"cover\" srcset=\"https:\/\/nevolea.lugus.tr\/wp-content\/uploads\/2025\/02\/novolea-slide.png 1920w, https:\/\/nevolea.lugus.tr\/wp-content\/uploads\/2025\/02\/novolea-slide-300x113.png 300w, https:\/\/nevolea.lugus.tr\/wp-content\/uploads\/2025\/02\/novolea-slide-1024x387.png 1024w, https:\/\/nevolea.lugus.tr\/wp-content\/uploads\/2025\/02\/novolea-slide-768x290.png 768w, https:\/\/nevolea.lugus.tr\/wp-content\/uploads\/2025\/02\/novolea-slide-1536x580.png 1536w\" \/><div class=\"wp-block-cover__inner-container has-global-padding is-layout-constrained wp-container-core-cover-is-layout-d89aad35 wp-block-cover-is-layout-constrained\">\n<div class=\"wp-block-group alignwide has-global-padding is-content-justification-left is-layout-constrained wp-container-core-group-is-layout-12dd3699 wp-block-group-is-layout-constrained\">\n<h2 class=\"wp-block-heading has-text-align-left is-style-default has-xx-large-font-size\"><strong>Naturel S\u0131zma Zeytinya\u011f\u0131<\/strong><\/h2>\n\n\n\n<p><\/p>\n<\/div>\n<\/div><\/div>\n\n\n\n<div class=\"wp-block-cover aligncenter is-light has-custom-content-position is-position-bottom-center tw-lg-hidden\" style=\"margin-top:0;margin-bottom:0;padding-top:var(--wp--preset--spacing--50);padding-right:var(--wp--preset--spacing--50);padding-bottom:var(--wp--preset--spacing--50);padding-left:var(--wp--preset--spacing--50);min-height:290px;aspect-ratio:unset;\"><span aria-hidden=\"true\" class=\"wp-block-cover__background has-background-dim-0 has-background-dim\"><\/span><img loading=\"lazy\" decoding=\"async\" width=\"645\" height=\"244\" sizes=\"auto, (max-width: 799px) 200vw,(max-width: 645px) 100vw,645px\" class=\"wp-block-cover__image-background wp-image-59\" alt=\"\" src=\"https:\/\/nevolea.lugus.tr\/wp-content\/uploads\/2025\/02\/novolea-mobile-hero-7.png\" data-object-fit=\"cover\" srcset=\"https:\/\/nevolea.lugus.tr\/wp-content\/uploads\/2025\/02\/novolea-mobile-hero-7.png 645w, https:\/\/nevolea.lugus.tr\/wp-content\/uploads\/2025\/02\/novolea-mobile-hero-7-300x113.png 300w\" \/><div class=\"wp-block-cover__inner-container has-global-padding is-layout-constrained wp-container-core-cover-is-layout-95b7d4b5 wp-block-cover-is-layout-constrained\">\n<div class=\"wp-block-group alignwide has-global-padding is-layout-constrained wp-block-group-is-layout-constrained\"><\/div>\n<\/div><\/div>\n\n\n\n<div class=\"wp-block-group alignfull is-style-section-5 has-background has-global-padding is-layout-constrained wp-block-group-is-layout-constrained is-style-section-5--1\" style=\"background-color:#e7dfa2;margin-top:0;margin-bottom:0;padding-top:var(--wp--preset--spacing--50);padding-bottom:var(--wp--preset--spacing--50)\">\n<div class=\"wp-block-columns alignwide is-layout-flex wp-container-core-columns-is-layout-f7efdb5d wp-block-columns-is-layout-flex\">\n<div class=\"wp-block-column is-vertically-aligned-center is-layout-flow wp-block-column-is-layout-flow\" style=\"flex-basis:50%\">\n<h3 class=\"wp-block-heading has-contrast-color has-text-color has-link-color wp-elements-ea13f4832377f2551e1755ddfb79a3ed\">Sevgili Zeytinya\u011f\u0131 Dostlar\u0131<\/h3>\n\n\n\n<p class=\"has-accent-4-color has-text-color has-link-color has-medium-font-size wp-elements-048cf2df30f902f37c2cbc4768ead563\">2022 y\u0131l\u0131 Ekim ay\u0131nda, \u00fc\u00e7 karde\u015f (Nedim, Nevin, Erhan), \u00c7anakkale \/ Ezine \/ Geyikli beldesine ba\u011fl\u0131 G\u00f6k\u00e7ebay\u0131r ve Kemall\u0131 k\u00f6ylerinde iki zeytinlik edinerek zeytinya\u011f\u0131 hikayemize ba\u015flad\u0131k.<\/p>\n\n\n\n<p class=\"has-accent-4-color has-text-color has-link-color has-medium-font-size wp-elements-93520a0fb3f64dbf6e25286b18ce7b9a\">2022, 2023 ve 2024 sezonlar\u0131nda hasat yapma ve zeytinya\u011f\u0131 \u00fcretme mutlulu\u011funa eri\u015ftik. \u00dc\u00e7\u00fcnc\u00fc hasat\u0131m\u0131zda elde etti\u011fimiz \u00fcr\u00fcnleri zeytinya\u011f\u0131 sevenlere ula\u015ft\u0131rmaya ba\u015flad\u0131k.<\/p>\n\n\n\n<p class=\"has-accent-4-color has-text-color has-link-color has-medium-font-size wp-elements-682a9ac801b46c64f593976a1a8e5109\">Zeytinlerimiz hasat edildi\u011fi her g\u00fcn, Kemall\u0131 k\u00f6y\u00fcndeki modern tesiste So\u011fuk S\u0131k\u0131m Kontin\u00fc Sistem tekni\u011fine uygun olarak \u00fcretime girmi\u015f, filtre edilmeden, kendimize ait \u00e7elik tanklarda dinlendirilmi\u015ftir. <\/p>\n\n\n\n<p class=\"has-accent-4-color has-text-color has-link-color has-medium-font-size wp-elements-28be3c52ca480d96df989e35cd599963\">Talep edildik\u00e7e, 1 Litre cam \u015fi\u015felerde ve 5 Litre teneke ambalajda sevkiyata haz\u0131rlanmaktad\u0131r.<\/p>\n<\/div>\n\n\n\n<div class=\"wp-block-column is-vertically-aligned-center is-layout-flow wp-block-column-is-layout-flow\" style=\"flex-basis:50%\">\n<figure class=\"wp-block-image size-full has-custom-border\"><img loading=\"lazy\" decoding=\"async\" width=\"1080\" height=\"1080\" src=\"https:\/\/nevolea.lugus.tr\/wp-content\/uploads\/2025\/02\/zeytinler.png\" alt=\"\" class=\"wp-image-11\" style=\"border-radius:17px;aspect-ratio:1;object-fit:cover\" srcset=\"https:\/\/nevolea.lugus.tr\/wp-content\/uploads\/2025\/02\/zeytinler.png 1080w, https:\/\/nevolea.lugus.tr\/wp-content\/uploads\/2025\/02\/zeytinler-300x300.png 300w, https:\/\/nevolea.lugus.tr\/wp-content\/uploads\/2025\/02\/zeytinler-1024x1024.png 1024w, https:\/\/nevolea.lugus.tr\/wp-content\/uploads\/2025\/02\/zeytinler-150x150.png 150w, https:\/\/nevolea.lugus.tr\/wp-content\/uploads\/2025\/02\/zeytinler-768x768.png 768w\" sizes=\"auto, (max-width: 1080px) 100vw, 1080px\" \/><\/figure>\n<\/div>\n<\/div>\n<\/div>\n\n\n\n<div class=\"wp-block-group alignfull has-global-padding is-layout-constrained wp-block-group-is-layout-constrained\" style=\"margin-top:0;margin-bottom:0\">\n<div class=\"wp-block-group alignwide is-layout-flow wp-container-core-group-is-layout-d58a0413 wp-block-group-is-layout-flow\" style=\"padding-top:var(--wp--preset--spacing--50);padding-bottom:var(--wp--preset--spacing--50)\">\n<h2 class=\"wp-block-heading has-text-align-center has-x-large-font-size\">2024 Zeytinya\u011f\u0131 \u00dcr\u00fcnlerimiz<\/h2>\n\n\n\n<div class=\"wp-block-columns is-layout-flex wp-container-core-columns-is-layout-9b272f02 wp-block-columns-is-layout-flex\">\n<div class=\"wp-block-column is-layout-flow wp-block-column-is-layout-flow\">\n<div class=\"wp-block-group has-accent-4-color has-text-color has-link-color wp-elements-cb77e582e6507b8a9a7d1a85087a1d96 is-layout-flow wp-block-group-is-layout-flow\" style=\"border-top-color:var(--wp--preset--color--accent-6);border-top-width:1px;padding-top:var(--wp--preset--spacing--30);padding-bottom:var(--wp--preset--spacing--30)\">\n<h3 class=\"wp-block-heading has-accent-4-color has-text-color has-link-color wp-elements-c536dda35f123b3bfb313adef12f2fd5\"><strong>Nat\u00fcrel S\u0131zma Zeytinya\u011f\u0131 \u2013 2024 &#8211; G\u00f6k\u00e7ebay\u0131r<\/strong><\/h3>\n\n\n\n<h3 class=\"wp-block-heading has-accent-4-color has-text-color has-link-color wp-elements-eb118240b59d93aeac138d6e20b7e961\">Erken Hasat, So\u011fuk S\u0131k\u0131m, Filtresiz<\/h3>\n\n\n\n<p>19-26 Ekim 2024 tarihlerinde, Ezine G\u00f6k\u00e7ebay\u0131r k\u00f6y\u00fcndeki arazimizde yap\u0131lan hasat s\u00fcrecinde<br>toplanan zeytinlerden elde edilmi\u015ftir.<br>\uf0b7 0,6 asit oran\u0131<br>\uf0b7 440+ polifenol<br>\uf0b7 Filtresiz Erken Hasat<\/p>\n<\/div>\n<\/div>\n\n\n\n<div class=\"wp-block-column is-layout-flow wp-block-column-is-layout-flow\">\n<div class=\"wp-block-group is-layout-flow wp-block-group-is-layout-flow\" style=\"border-top-color:var(--wp--preset--color--accent-6);border-top-width:1px;padding-top:var(--wp--preset--spacing--30);padding-bottom:var(--wp--preset--spacing--30)\">\n<h3 class=\"wp-block-heading has-accent-4-color has-text-color has-link-color wp-elements-3439c354f54c7503b5486cbca82c9d21\"><strong>Nat\u00fcrel S\u0131zma Zeytinya\u011f\u0131 \u2013 2024 &#8211; Kemall\u0131<\/strong><\/h3>\n\n\n\n<h3 class=\"wp-block-heading has-accent-4-color has-text-color has-link-color wp-elements-64de0cbd3a6f43a9d23314e90fae3109\">Olgun Hasat, So\u011fuk S\u0131k\u0131m, Filtresiz<\/h3>\n\n\n\n<p class=\"has-accent-4-color has-text-color has-link-color wp-elements-093d92f42f52d4d0e11c745d9e8f5853\">25 Kas\u0131m -1 Aral\u0131k 2024 tarihlerinde, Ezine Kemall\u0131 k\u00f6y\u00fcndeki arazimizde yap\u0131lan hasat s\u00fcrecinde<br>toplanan zeytinlerden elde edilmi\u015ftir<br>\uf0b7 0,4 asit oran\u0131<br>\uf0b7 420+ polifenol<br>\uf0b7 Filtresiz Olgun Hasat<\/p>\n<\/div>\n<\/div>\n<\/div>\n\n\n\n<div class=\"wp-block-columns is-layout-flex wp-container-core-columns-is-layout-9b272f02 wp-block-columns-is-layout-flex\">\n<div class=\"wp-block-column is-layout-flow wp-block-column-is-layout-flow\"><\/div>\n<\/div>\n<\/div>\n<\/div>\n\n\n\n<div class=\"wp-block-group alignfull has-background is-layout-flow wp-block-group-is-layout-flow\" style=\"background-color:#88a657;padding-top:var(--wp--preset--spacing--60);padding-right:var(--wp--preset--spacing--50);padding-bottom:var(--wp--preset--spacing--60);padding-left:var(--wp--preset--spacing--50)\">\n<div class=\"wp-block-columns are-vertically-aligned-center is-layout-flex wp-container-core-columns-is-layout-d0b3c9c8 wp-block-columns-is-layout-flex\">\n<div class=\"wp-block-column is-vertically-aligned-center is-layout-flow wp-block-column-is-layout-flow\" style=\"flex-basis:100%\">\n<p class=\"has-text-align-center is-style-text-display has-base-color has-text-color has-link-color has-large-font-size wp-elements-1288b730245c68c893ceb54e5114111e is-style-text-display--2\">Zeytinya\u011f\u0131 tutkusunu payla\u015fan bir ekip olarak, sizlerle bilgi al\u0131\u015fveri\u015finde bulunmaktan keyif duyar\u0131z.<\/p>\n\n\n\n<p class=\"has-text-align-center is-style-text-display has-base-color has-text-color has-link-color has-large-font-size wp-elements-7841c9aebf903f988d85243095932e8a is-style-text-display--3\"><br>Sa\u011fl\u0131\u011f\u0131n\u0131z i\u00e7in zeytinya\u011f\u0131 t\u00fcketmenizi dileriz.<\/p>\n<\/div>\n<\/div>\n<\/div>\n\n\n\n<div class=\"wp-block-group alignfull has-global-padding is-layout-constrained wp-container-core-group-is-layout-08655630 wp-block-group-is-layout-constrained\" style=\"margin-top:0;margin-bottom:0;padding-top:var(--wp--preset--spacing--80);padding-bottom:var(--wp--preset--spacing--80)\">\n<div class=\"wp-block-group alignwide is-layout-flow wp-block-group-is-layout-flow\">\n<p class=\"has-text-align-center is-style-text-subtitle is-style-text-subtitle--4\" style=\"font-style:normal;font-weight:400\">Talepleriniz i\u00e7in<\/p>\n\n\n\n<p class=\"has-text-align-center\">e-posta : info@nevolea.com.tr<\/p>\n\n\n\n<p class=\"has-text-align-center\"><a href=\"tel:905322162267\">Mobil<\/a> \/ <a href=\"https:\/\/wa.me\/+905322162267?text=navolive.com.tr\">WhatsApp<\/a> <\/p>\n\n\n\n<p class=\"has-text-align-center\">0532 216 2267 \u2013 Nedim \u0130mamo\u011flu<\/p>\n\n\n\n<div style=\"height:var(--wp--preset--spacing--40)\" aria-hidden=\"true\" class=\"wp-block-spacer\"><\/div>\n\n\n\n<ul class=\"wp-block-social-links has-icon-color is-style-logos-only is-content-justification-center is-layout-flex wp-container-core-social-links-is-layout-a89b3969 wp-block-social-links-is-layout-flex\"><li class=\"wp-social-link wp-social-link-whatsapp has-contrast-color wp-block-social-link\"><a href=\"https:\/\/wa.me\/+905322162267?text=navolive.com.tr\" class=\"wp-block-social-link-anchor\"><svg width=\"24\" height=\"24\" viewBox=\"0 0 24 24\" version=\"1.1\" xmlns=\"http:\/\/www.w3.org\/2000\/svg\" aria-hidden=\"true\" focusable=\"false\"><path d=\"M 12.011719 2 C 6.5057187 2 2.0234844 6.478375 2.0214844 11.984375 C 2.0204844 13.744375 2.4814687 15.462563 3.3554688 16.976562 L 2 22 L 7.2324219 20.763672 C 8.6914219 21.559672 10.333859 21.977516 12.005859 21.978516 L 12.009766 21.978516 C 17.514766 21.978516 21.995047 17.499141 21.998047 11.994141 C 22.000047 9.3251406 20.962172 6.8157344 19.076172 4.9277344 C 17.190172 3.0407344 14.683719 2.001 12.011719 2 z M 12.009766 4 C 14.145766 4.001 16.153109 4.8337969 17.662109 6.3417969 C 19.171109 7.8517969 20.000047 9.8581875 19.998047 11.992188 C 19.996047 16.396187 16.413812 19.978516 12.007812 19.978516 C 10.674812 19.977516 9.3544062 19.642812 8.1914062 19.007812 L 7.5175781 18.640625 L 6.7734375 18.816406 L 4.8046875 19.28125 L 5.2851562 17.496094 L 5.5019531 16.695312 L 5.0878906 15.976562 C 4.3898906 14.768562 4.0204844 13.387375 4.0214844 11.984375 C 4.0234844 7.582375 7.6067656 4 12.009766 4 z M 8.4765625 7.375 C 8.3095625 7.375 8.0395469 7.4375 7.8105469 7.6875 C 7.5815469 7.9365 6.9355469 8.5395781 6.9355469 9.7675781 C 6.9355469 10.995578 7.8300781 12.182609 7.9550781 12.349609 C 8.0790781 12.515609 9.68175 15.115234 12.21875 16.115234 C 14.32675 16.946234 14.754891 16.782234 15.212891 16.740234 C 15.670891 16.699234 16.690438 16.137687 16.898438 15.554688 C 17.106437 14.971687 17.106922 14.470187 17.044922 14.367188 C 16.982922 14.263188 16.816406 14.201172 16.566406 14.076172 C 16.317406 13.951172 15.090328 13.348625 14.861328 13.265625 C 14.632328 13.182625 14.464828 13.140625 14.298828 13.390625 C 14.132828 13.640625 13.655766 14.201187 13.509766 14.367188 C 13.363766 14.534188 13.21875 14.556641 12.96875 14.431641 C 12.71875 14.305641 11.914938 14.041406 10.960938 13.191406 C 10.218937 12.530406 9.7182656 11.714844 9.5722656 11.464844 C 9.4272656 11.215844 9.5585938 11.079078 9.6835938 10.955078 C 9.7955938 10.843078 9.9316406 10.663578 10.056641 10.517578 C 10.180641 10.371578 10.223641 10.267562 10.306641 10.101562 C 10.389641 9.9355625 10.347156 9.7890625 10.285156 9.6640625 C 10.223156 9.5390625 9.737625 8.3065 9.515625 7.8125 C 9.328625 7.3975 9.131125 7.3878594 8.953125 7.3808594 C 8.808125 7.3748594 8.6425625 7.375 8.4765625 7.375 z\"><\/path><\/svg><span class=\"wp-block-social-link-label screen-reader-text\">WhatsApp<\/span><\/a><\/li>\n\n<li class=\"wp-social-link wp-social-link-twitter has-contrast-color wp-block-social-link\"><a href=\"https:\/\/nevolea.lugus.tr\" class=\"wp-block-social-link-anchor\"><svg width=\"24\" height=\"24\" viewBox=\"0 0 24 24\" version=\"1.1\" xmlns=\"http:\/\/www.w3.org\/2000\/svg\" aria-hidden=\"true\" focusable=\"false\"><path d=\"M22.23,5.924c-0.736,0.326-1.527,0.547-2.357,0.646c0.847-0.508,1.498-1.312,1.804-2.27 c-0.793,0.47-1.671,0.812-2.606,0.996C18.324,4.498,17.257,4,16.077,4c-2.266,0-4.103,1.837-4.103,4.103 c0,0.322,0.036,0.635,0.106,0.935C8.67,8.867,5.647,7.234,3.623,4.751C3.27,5.357,3.067,6.062,3.067,6.814 c0,1.424,0.724,2.679,1.825,3.415c-0.673-0.021-1.305-0.206-1.859-0.513c0,0.017,0,0.034,0,0.052c0,1.988,1.414,3.647,3.292,4.023 c-0.344,0.094-0.707,0.144-1.081,0.144c-0.264,0-0.521-0.026-0.772-0.074c0.522,1.63,2.038,2.816,3.833,2.85 c-1.404,1.1-3.174,1.756-5.096,1.756c-0.331,0-0.658-0.019-0.979-0.057c1.816,1.164,3.973,1.843,6.29,1.843 c7.547,0,11.675-6.252,11.675-11.675c0-0.178-0.004-0.355-0.012-0.531C20.985,7.47,21.68,6.747,22.23,5.924z\"><\/path><\/svg><span class=\"wp-block-social-link-label screen-reader-text\">Twitter<\/span><\/a><\/li>\n\n<li class=\"wp-social-link wp-social-link-facebook has-contrast-color wp-block-social-link\"><a href=\"https:\/\/nevolea.lugus.tr\" class=\"wp-block-social-link-anchor\"><svg width=\"24\" height=\"24\" viewBox=\"0 0 24 24\" version=\"1.1\" xmlns=\"http:\/\/www.w3.org\/2000\/svg\" aria-hidden=\"true\" focusable=\"false\"><path d=\"M12 2C6.5 2 2 6.5 2 12c0 5 3.7 9.1 8.4 9.9v-7H7.9V12h2.5V9.8c0-2.5 1.5-3.9 3.8-3.9 1.1 0 2.2.2 2.2.2v2.5h-1.3c-1.2 0-1.6.8-1.6 1.6V12h2.8l-.4 2.9h-2.3v7C18.3 21.1 22 17 22 12c0-5.5-4.5-10-10-10z\"><\/path><\/svg><span class=\"wp-block-social-link-label screen-reader-text\">Facebook<\/span><\/a><\/li>\n\n<li class=\"wp-social-link wp-social-link-instagram has-contrast-color wp-block-social-link\"><a href=\"https:\/\/nevolea.lugus.tr\" class=\"wp-block-social-link-anchor\"><svg width=\"24\" height=\"24\" viewBox=\"0 0 24 24\" version=\"1.1\" xmlns=\"http:\/\/www.w3.org\/2000\/svg\" aria-hidden=\"true\" focusable=\"false\"><path d=\"M12,4.622c2.403,0,2.688,0.009,3.637,0.052c0.877,0.04,1.354,0.187,1.671,0.31c0.42,0.163,0.72,0.358,1.035,0.673 c0.315,0.315,0.51,0.615,0.673,1.035c0.123,0.317,0.27,0.794,0.31,1.671c0.043,0.949,0.052,1.234,0.052,3.637 s-0.009,2.688-0.052,3.637c-0.04,0.877-0.187,1.354-0.31,1.671c-0.163,0.42-0.358,0.72-0.673,1.035 c-0.315,0.315-0.615,0.51-1.035,0.673c-0.317,0.123-0.794,0.27-1.671,0.31c-0.949,0.043-1.233,0.052-3.637,0.052 s-2.688-0.009-3.637-0.052c-0.877-0.04-1.354-0.187-1.671-0.31c-0.42-0.163-0.72-0.358-1.035-0.673 c-0.315-0.315-0.51-0.615-0.673-1.035c-0.123-0.317-0.27-0.794-0.31-1.671C4.631,14.688,4.622,14.403,4.622,12 s0.009-2.688,0.052-3.637c0.04-0.877,0.187-1.354,0.31-1.671c0.163-0.42,0.358-0.72,0.673-1.035 c0.315-0.315,0.615-0.51,1.035-0.673c0.317-0.123,0.794-0.27,1.671-0.31C9.312,4.631,9.597,4.622,12,4.622 M12,3 C9.556,3,9.249,3.01,8.289,3.054C7.331,3.098,6.677,3.25,6.105,3.472C5.513,3.702,5.011,4.01,4.511,4.511 c-0.5,0.5-0.808,1.002-1.038,1.594C3.25,6.677,3.098,7.331,3.054,8.289C3.01,9.249,3,9.556,3,12c0,2.444,0.01,2.751,0.054,3.711 c0.044,0.958,0.196,1.612,0.418,2.185c0.23,0.592,0.538,1.094,1.038,1.594c0.5,0.5,1.002,0.808,1.594,1.038 c0.572,0.222,1.227,0.375,2.185,0.418C9.249,20.99,9.556,21,12,21s2.751-0.01,3.711-0.054c0.958-0.044,1.612-0.196,2.185-0.418 c0.592-0.23,1.094-0.538,1.594-1.038c0.5-0.5,0.808-1.002,1.038-1.594c0.222-0.572,0.375-1.227,0.418-2.185 C20.99,14.751,21,14.444,21,12s-0.01-2.751-0.054-3.711c-0.044-0.958-0.196-1.612-0.418-2.185c-0.23-0.592-0.538-1.094-1.038-1.594 c-0.5-0.5-1.002-0.808-1.594-1.038c-0.572-0.222-1.227-0.375-2.185-0.418C14.751,3.01,14.444,3,12,3L12,3z M12,7.378 c-2.552,0-4.622,2.069-4.622,4.622S9.448,16.622,12,16.622s4.622-2.069,4.622-4.622S14.552,7.378,12,7.378z M12,15 c-1.657,0-3-1.343-3-3s1.343-3,3-3s3,1.343,3,3S13.657,15,12,15z M16.804,6.116c-0.596,0-1.08,0.484-1.08,1.08 s0.484,1.08,1.08,1.08c0.596,0,1.08-0.484,1.08-1.08S17.401,6.116,16.804,6.116z\"><\/path><\/svg><span class=\"wp-block-social-link-label screen-reader-text\">Instagram<\/span><\/a><\/li><\/ul>\n<\/div>\n<\/div>\n\n\n\n<p><\/p>\n","protected":false},"excerpt":{"rendered":"<p>Sevgili Zeytinya\u011f\u0131 Dostlar\u0131 2022 y\u0131l\u0131 Ekim ay\u0131nda, \u00fc\u00e7 karde\u015f (Nedim, Nevin, Erhan), \u00c7anakkale \/ Ezine \/ Geyikli beldesine ba\u011fl\u0131 G\u00f6k\u00e7ebay\u0131r ve Kemall\u0131 k\u00f6ylerinde iki zeytinlik edinerek zeytinya\u011f\u0131 hikayemize ba\u015flad\u0131k. 2022, 2023 ve 2024 sezonlar\u0131nda hasat yapma ve zeytinya\u011f\u0131 \u00fcretme mutlulu\u011funa eri\u015ftik. \u00dc\u00e7\u00fcnc\u00fc hasat\u0131m\u0131zda elde etti\u011fimiz \u00fcr\u00fcnleri zeytinya\u011f\u0131 sevenlere ula\u015ft\u0131rmaya ba\u015flad\u0131k. Zeytinlerimiz hasat edildi\u011fi her g\u00fcn, [&hellip;]<\/p>\n","protected":false},"author":1,"featured_media":0,"parent":0,"menu_order":0,"comment_status":"closed","ping_status":"closed","template":"","meta":{"footnotes":""},"class_list":["post-6","page","type-page","status-publish","hentry"],"_links":{"self":[{"href":"https:\/\/nevolea.lugus.tr\/index.php\/wp-json\/wp\/v2\/pages\/6","targetHints":{"allow":["GET"]}}],"collection":[{"href":"https:\/\/nevolea.lugus.tr\/index.php\/wp-json\/wp\/v2\/pages"}],"about":[{"href":"https:\/\/nevolea.lugus.tr\/index.php\/wp-json\/wp\/v2\/types\/page"}],"author":[{"embeddable":true,"href":"https:\/\/nevolea.lugus.tr\/index.php\/wp-json\/wp\/v2\/users\/1"}],"replies":[{"embeddable":true,"href":"https:\/\/nevolea.lugus.tr\/index.php\/wp-json\/wp\/v2\/comments?post=6"}],"version-history":[{"count":38,"href":"https:\/\/nevolea.lugus.tr\/index.php\/wp-json\/wp\/v2\/pages\/6\/revisions"}],"predecessor-version":[{"id":70,"href":"https:\/\/nevolea.lugus.tr\/index.php\/wp-json\/wp\/v2\/pages\/6\/revisions\/70"}],"wp:attachment":[{"href":"https:\/\/nevolea.lugus.tr\/index.php\/wp-json\/wp\/v2\/media?parent=6"}],"curies":[{"name":"wp","href":"https:\/\/api.w.org\/{rel}","templated":true}]}}